.
-4327
Let z(s) = -6*s**3 + 86*s**2 - 277*s + 10. Determine z(5).
25
Let m(w) = -w**3 - 37*w**2 - 43*w - 289. What is m(-37)?
1302
Let t(q) = -17*q**2 + 2058*q + 203. Give t(121).
324
Let x(w) = w**2 - 232*w - 3608. Give x(-14).
-164
Let v(b) = -2184*b - 19280. Determine v(-8).
-1808
Let n(k) = -11881*k + 23761. Give n(2).
-1
Let b(z) = -347*z + 5470. Give b(7).
3041
Let a(o) = -o**3 + 570*o**2 + 2445*o - 85534. Calculate a(574).
-8
Let b(q) = -431629*q - 14243753. Calculate b(-33).
4
Let f(i) = 21743*i - 130360. Calculate f(6).
98
Let q(d) = -d**3 - 30*d**2 - 218*d - 2078. Calculate q(-17).
-2129
Let o(u) = 2*u**2 + 9018*u + 743407. What is o(-84)?
7
Let k(b) = -b**3 - 7*b**2 - 20*b + 12. What is k(-15)?
2112
Let a(o) = o**3 - 14*o**2 - 19*o + 177. Give a(7).
-299
Let f(z) = -215*z + 6744. What is f(31)?
79
Let t(q) = -q**3 - 58*q**2 + 612*q + 135. Give t(-67).
-468
Let o(x) = 33*x + 3289. Calculate o(-109).
-308
Let g(q) = -22*q**2 - 589*q + 342. Give g(-24).
1806
Let d(p) = -30*p**2 + 3631*p - 174. Give d(121).
-53
Let w(x) = -326*x + 152. Determine w(1).
-174
Let t(v) = 6386*v - 44060. Determine t(7).
642
Let l(x) = -38*x**2 + 838*x - 3248. Calculate l(5).
-8
Let d(x) = -4*x**2 - 457*x + 1045. What is d(-112)?
2053
Let v(z) = 8545*z - 9724202. Give v(1138).
8
Let j(s) = -s**2 - 56*s + 2287. Determine j(-96).
-1553
Let x(g) = 29738*g + 148656. Calculate x(-5).
-34
Let t(s) = -s**3 - 40*s**2 + 335*s + 4. Calculate t(7).
46
Let h(u) = 1375*u**2 + 16*u + 6. Give h(0).
6
Let h(s) = -742*s**2 - 11708*s + 2622. Calculate h(-16).
-2
Let h(g) = 4676758*g + 37414072. Give h(-8).
8
Let i(v) = -v**3 + 131*v**2 + 531*v + 734. What is i(135)?
-481
Let p(t) = -19372*t + 78065. Give p(4).
577
Let g(r) = 229*r - 4097. Give g(25).
1628
Let f(t) = 17*t**3 + 477*t**2 - 79*t - 3001. Give f(-28).
-5
Let w(i) = -i**3 + 90*i**2 - 1855*i - 271. What is w(58)?
-213
Let t(q) = -8*q**3 + 496*q**2 + 1023*q + 67. What is t(64)?
3
Let z(s) = 2*s**2 + 481*s - 30683. Determine z(53).
428
Let y(k) = 4447*k + 337753. Determine y(-76).
-219
Let r(z) = -2*z**2 + 133*z + 1305. Determine r(75).
30
Let x(g) = 405*g - 3526. Determine x(6).
-1096
Let f(k) = -6*k**3 + 303*k**2 - 442*k - 254. Calculate f(49).
-303
Let k(j) = 5*j**2 - 952*j + 29788. Give k(151).
41
Let f(p) = -15519*p - 574179. Give f(-37).
24
Let l(g) = 2*g**3 - 280*g**2 - g + 180. Determine l(140).
40
Let x(c) = 3*c**2 - 807*c - 10150. What is x(-12)?
-34
Let k(f) = f**2 - 3440*f - 4042915. What is k(-926)?
1
Let i(w) = 35*w + 199. What is i(-10)?
-151
Let k(o) = -88*o + 5511. What is k(57)?
495
Let l(h) = -567*h + 66326. Calculate l(117).
-13
Let y(v) = -1115*v + 46610. What is y(42)?
-220
Let p(j) = -181119*j - 2354616. Give p(-13).
-69
Let a(u) = 6*u**3 + 3*u**2 + 40*u + 67. Calculate a(-3).
-188
Let o(w) = -2616*w + 60458. What is o(23)?
290
Let l(i) = 4*i**3 + 94*i**2 - 75*i - 619. What is l(-24)?
29
Let h(c) = -4*c**3 + 2*c**2 - 54*c + 323. Give h(7).
-1329
Let f(q) = -210294*q - 630884. Calculate f(-3).
-2
Let p(x) = -3*x**2 - 454*x + 4330. Calculate p(9).
1
Let s(y) = -y**2 - 1210*y + 56664. Give s(45).
189
Let k(n) = n**2 - 7768*n - 1683565. Determine k(-211).
4
Let u(a) = 6*a**2 - 22858*a + 296149. What is u(13)?
9
Let a(w) = -11*w**3 + 385*w**2 + 773*w - 3. Give a(-2).
79
Let a(y) = 2875*y + 57493. Give a(-20).
-7
Let z(w) = 3*w**3 + 185*w**2 - 1734*w + 1184. What is z(-70)?
64
Let l(q) = 588*q - 37652. Calculate l(64).
-20
Let j(v) = 35*v**2 + 192*v + 163. Calculate j(-5).
78
Let x(i) = -64*i**2 + 4856*i + 593. Calculate x(76).
-15
Let z(v) = -3*v**2 - 77*v + 3184. Determine z(-50).
-466
Let v(c) = 16*c**2 + 207*c - 862. What is v(0)?
-862
Let g(n) = 272*n**3 + 21*n**2 + 3*n + 16. Determine g(-2).
-2082
Let s(f) = 74*f**3 + 19*f**2 - 73*f + 62. What is s(2)?
584
Let w(y) = -10*y**2 + 285*y + 3186. Determine w(37).
41
Let r(s) = -3*s**3 + 3289*s**2 + 5399*s + 99930. What is r(1098)?
12
Let o(b) = 789*b**3 - 6313*b**2 + b + 54. Calculate o(8).
-2
Let v(m) = -134161*m + 16233476. Determine v(121).
-5
Let v(m) = -225*m - 101. What is v(-4)?
799
Let a(q) = 3370*q - 825647. Determine a(245).
3
Let b(l) = 1205*l + 133800. What is b(-111)?
45
Let s(y) = -2*y**3 + 19*y**2 + 658*y - 7708. What is s(12)?
-532
Let v(n) = -2822*n - 14119. Calculate v(-5).
-9
Let g(h) = -h**3 - 5*h**2 - 6902*h - 41445. Give g(-6).
3
Let x(g) = -g**2 + 93*g - 2102. Give x(46).
60
Let k(i) = -275*i**2 + 1969*i - 344. What is k(7)?
-36
Let x(g) = 4343*g + 39828. Give x(-9).
741
Let f(g) = 7177*g - 165077. Give f(23).
-6
Let b(u) = 33340*u - 500113. Give b(15).
-13
Let y(h) = 20228*h + 60772. What is y(-3)?
88
Let b(t) = t**2 - 159*t - 71054. What is b(-198)?
-368
Let a(v) = 411*v - 65355. Calculate a(160).
405
Let k(g) = -g**3 - 2*g**2 + 252*g - 1004. What is k(5)?
81
Let j(f) = -f**2 - 34*f + 12405. Give j(96).
-75
Let i(a) = 8*a**3 - 54*a**2 + 19*a + 265. Give i(5).
10
Let c(b) = 5*b**2 - 694*b - 750. What is c(140)?
90
Let p(w) = 94*w**2 + 4246*w - 8042. Determine p(-47).
42
Let p(a) = -11*a**2 + 727*a - 6155. Give p(56).
61
Let v(f) = -5*f**2 + 283*f - 4481. Determine v(17).
-1115
Let a(y) = -12441*y - 721503. What is a(-58)?
75
Let z(i) = -167887*i + 5036680. What is z(30)?
70
Let v(k) = k**3 - 73*k**2 - 387*k - 1278. Give v(78).
-1044
Let d(w) = -3*w**3 + 115*w**2 + 182*w - 612. Calculate d(38).
7748
Let c(h) = h**2 - 6798*h + 2856593. Determine c(450).
-7
Let r(l) = 460*l + 11463. Give r(-28).
-1417
Let k(i) = -13431*i + 53692. Give k(4).
-32
Let n(o) = 69556*o + 140. Calculate n(0).
140
Let s(u) = 65*u**2 - 721*u + 1980. What is s(6)?
-6
Let s(j) = -130*j**2 + 428*j - 95. Give s(5).
-1205
Let h(z) = 100907*z - 202487. Give h(2).
-673
Let q(s) = -s**3 + 4*s**2 + 15*s + 28. Determine q(3).
82
Let c(d) = -2*d**3 + 122*d**2 + 29*d - 1649. Determine c(61).
120
Let b(m) = 87*m**2 - 93*m + 159. Give b(-3).
1221
Let b(q) = 21331*q - 127985. Give b(6).
1
Let o(l) = l**2 + 5*l - 3849. Give o(-70).
701
Let y(o) = 69*o**3 - 3793*o**2 - 100*o - 247. Calculate y(55).
303
Let h(s) = 7*s**2 + 248*s - 2839. What is h(9)?
-40
Let b(j) = 361*j + 7161. Give b(-20).
-59
Let c(n) = -n**3 + 140*n**2 + 9026*n - 262. What is c(188)?
114
Let j(d) = d**2 + 395976*d + 1583881. Give j(-4).
-7
Let o(p) = -14*p**3 - 40*p**2 + 41*p - 91. Determine o(-4).
1
Let t(p) = -7*p**3 + 95*p**2 + 188*p - 602. Calculate t(15).
-32
Let n(p) = 702*p - 14475. Determine n(18).
-1839
Let t(u) = -3*u**2 + 1199*u + 37745. Calculate t(429).
-7
Let h(t) = -t**3 - 275*t**2 - 711*t - 45054. Give h(-273).
-9
Let h(r) = -23*r - 667. Determine h(-32).
69
Let j(g) = 6964*g - 132303. What is j(19)?
13
Let y(r) = r**3 + 1064*r**2 + 34*r - 6. Determine y(0).
-6
Let i(y) = 17*y**2 + 504*y - 3634. Calculate i(6).
2
Let z(t) = -3396*t + 24052. Determine z(7).
280
Let p(c) = -c**2 - 985*c - 75687. What is p(-84)?
-3
Let k(m) = -3323*m + 30225. Calculate k(9).
318
Let x(y) = y**3 + 30*y**2 - 151*y - 511. Calculate x(-34).
-1
Let l(k) = -624*k + 27193. What is l(43)?
361
Let y(h) = -13*h**2 - 2147*h + 6435. Calculate y(3).
-123
Let d(m) = 32*m**3 + 1223*m**2 + 266*m - 2. Determine d(-38).
-2
Let s(n) = -3*n**3 + 20*n**2 - 24*n + 56. Calculate s(6).
-16
Let f(v) = -155*v**3 - 12*v**2 + 14*v - 1. Calculate f(1).
-154
Let z(l) = 28230*l + 564548. What is z(-20)?
-52
Let z(k) = -368*k - 17301. What is z(-47)?
-5
Let q(h) = -4739*h - 426521. What is q(-90)?
-11
Let z(n) = -3*n**3 - 949*n**2 + 5455*n - 6086. Determine z(-322).
32
Let p(r) = -8*r**2 + 953*r - 27732. What is p(69)?
-63
Let x(j) = 7*j**2 + 15*j + 57. Give x(-3).
75
Let j(f) = -4*f**2 + 269*f - 4367. Determine j(22).
-385
Let q(l) = 2*l**2 - 138*l + 1443. Give q(11).
167
Let a(d) = 5*d**2 - 170*d - 36. Calculate a(38).
724
Let h(m) = 4*m**3 + 256*m**2 + 2615*m - 1889. Give h(-51).
-2
Let r(n) = 400*n - 181197. What is r(453)?
3
Let l(f) = -5*f**3 + 21*f**2 + 85*f - 184. Determine l(6).
2
Let m(k) = 175*k - 4010. Give m(21).
-335
Let q(n) = 2786*n + 13911. Give q(-5).
-19
Let m(b) = b**3 + 30*b**2 + 246*b + 378. Give m(-12).
18
Let v(p) = -9150*p - 1107149. What is v(-121)?
1
Let j(u) = -5056*u + 45488. What is j(9)?
-16
Let q(g) = -142*g - 2638. Determine q(-7).
-1644
Let c(p) = 2*p**2 + 2973*p + 41377. What is c(-14)?
147
Let q(i)